 10.
50774
What is 197 (base 16) in base 11?
340
-138e (base 16) to base 10
-5006
Convert -614a (base 14) to base 12.
-981a
-10001000010101 (base 2) to base 16
-2215
Convert -310011 (base 4) to base 16.
-d05
1ba4 (base 12) to base 9
4637
-2311 (base 10) to base 7
-6511
-8452 (base 11) to base 12
-6585
What is 4044 (base 6) in base 14?
47a
What is 57778 (base 11) in base 15?
19ad9
Convert -1132411 (base 5) to base 11.
-14844
Convert -1021 (base 3) to base 8.
-42
What is -2012000 (base 4) in base 14?
-31a8
Convert 8304 (base 10) to base 13.
3a1a
111111011 (base 2) to base 15
23c
Convert -2332 (base 9) to base 3.
-2101002
-296 (base 11) to base 9
-425
Convert -359c (base 13) to base 8.
-16615
Convert 35b2b (base 12) to base 11.
4a49a
Convert -5899 (base 12) to base 7.
-40614
Convert -95 (base 11) to base 13.
-80
30130 (base 4) to base 15
381
-3011144 (base 5) to base 6
-1004414
What is -838 (base 13) in base 8?
-2567
Convert 21063 (base 9) to base 5.
421113
What is -772a (base 16) in base 15?
-908b
Convert -52002 (base 6) to base 8.
-15402
What is -131032 (base 4) in base 8?
-3516
Convert -2c2 (base 15) to base 3.
-212102
What is 6415 (base 11) in base 8?
20446
What is 455 (base 11) in base 16?
220
What is -36666 (base 8) in base 2?
-11110110110110
What is -147 (base 12) in base 14?
-103
-4132 (base 5) to base 9
-662
What is 12213113 (base 4) in base 10?
27095
Convert -3125 (base 12) to base 4.
-1103231
-6505 (base 8) to base 3
-11122211
Convert 21101221 (base 3) to base 13.
25c3
Convert 14226 (base 8) to base 4.
1202112
Convert -1af (base 16) to base 12.
-2bb
2032 (base 6) to base 16
1c4
Convert 2bb2 (base 16) to base 7.
44420
What is 62b5 (base 16) in base 3?
1021122220
What is -36260 (base 8) in base 12?
-8ba8
-112012 (base 3) to base 14
-1d5
Convert 1302 (base 7) to base 6.
2140
1a33 (base 11) to base 12
15a9
What is b2 (base 12) in base 3?
11222
Convert -1261 (base 14) to base 8.
-6225
-10101010 (base 3) to base 9
-3333
Convert -9368 (base 14) to base 4.
-12030200
Convert 15023 (base 8) to base 16.
1a13
Convert -23e (base 16) to base 13.
-352
What is 361 (base 7) in base 16?
be
What is a160 (base 13) in base 5?
1202332
What is -172 (base 10) in base 12?
-124
Convert -113214 (base 6) to base 5.
-303202
Convert 1542241 (base 6) to base 4.
112101301
Convert 2334 (base 7) to base 4.
31122
Convert 2032 (base 7) to base 11.
595
What is -10100111110 (base 2) in base 5?
-20332
-11530 (base 10) to base 5
-332110
Convert -22533 (base 7) to base 15.
-1a8c
-11021122 (base 3) to base 2
-110000110010
Convert -1103 (base 6) to base 5.
-2010
What is 54b7 (base 13) in base 4?
2320203
Convert 1431254 (base 6) to base 4.
110000302
What is -394 (base 12) in base 2?
-1000100000
What is 2c2a (base 15) in base 2?
10010100010010
What is 49 (base 11) in base 8?
65
What is -11011101001110 (base 2) in base 15?
-42dd
What is 23b (base 12) in base 10?
335
What is 211002 (base 6) in base 5?
1021231
Convert -17195 (base 10) to base 3.
-212120212
Convert 1100101001100 (base 2) to base 12.
38b8
Convert 2745 (base 11) to base 16.
de6
What is -544 (base 10) in base 11?
-455
Convert 220 (base 7) to base 4.
1300
What is -12599 (base 10) in base 4?
-3010313
Convert -110101010100111 (base 2) to base 16.
-6aa7
What is -23311213 (base 4) in base 11?
-3347a
Convert -110101001 (base 2) to base 5.
-3200
Convert -3a5 (base 11) to base 14.
-262
What is -1011211 (base 4) in base 3?
-20002221
Convert -f1 (base 16) to base 8.
-361
What is 6324 (base 9) in base 4?
1020133
What is -13716 (base 8) in base 9?
-8321
Convert -2053 (base 6) to base 16.
-1d1
What is 1497 (base 11) in base 15?
881
What is -1000010001000 (base 2) in base 8?
-10210
Convert -2220 (base 9) to base 15.
-743
What is -122 (base 11) in base 7?
-265
-1050 (base 9) to base 5
-11044
What is -300 (base 11) in base 8?
-553
Convert -100142 (base 6) to base 9.
-11668
Convert -3924 (base 12) to base 10.
-6508
Convert 10021100 (base 3) to base 8.
4521
Convert 8b4 (base 16) to base 6.
14152
-6137 (base 13) to base 16
-3455
-10a (base 12) to base 13
-bb
Convert 146506 (base 8) to base 14.
15218
270b (base 13) to base 4
1113110
Convert -818 (base 12) to base 13.
-6c2
114525 (base 8) to base 16
9955
What is -75062 (base 8) in base 9?
-46817
What is -22244 (base 7) in base 8?
-12762
-1101000011001010 (base 2) to base 16
-d0ca
1001010001100 (base 2) to base 14
1a32
Convert -439 (base 13) to base 15.
-334
Convert -414 (base 9) to base 11.
-287
Convert 1762 (base 11) to base 16.
8c6
1213 (base 7) to base 6
2031
What is -10254 (base 8) in base 12?
-2578
What is 3ca0 (base 16) in base 8?
36240
1101010101011 (base 2) to base 3
100100212
Convert 1020 (base 16) to base 5.
113003
-101101101001 (base 2) to base 11
-2216
Convert 22353 (base 8) to base 7.
36361
Convert -1341440 (base 5) to base 4.
-12301201
cda (base 14) to base 2
100111110000
Convert 399 (base 12) to base 2.
1000100101
ac7 (base 13) to base 7
5255
-4118 (base 11) to base 4
-1111120
Convert -3013130 (base 4) to base 14.
-491a
-3341 (base 7) to base 3
-1122122
5462 (base 9) to base 15
12d5
Convert -1b58a (base 12) to base 3.
-2001122121
Convert -65 (base 16) to base 5.
-401
Convert 111111011101 (base 2) to base 8.
7735
What is -23a (base 11) in base 7?
-555
14b4 (base 15) to base 6
32324
What is -131032 (base 5) in base 10?
-5142
250b3 (base 12) to base 15
ed4c
What is -7842 (base 12) in base 16?
-33f2
a178 (base 15) to base 2
1000010100101000
-59c1 (base 15) to base 6
-224201
Convert -71 (base 8) to base 3.
-2010
What is 203232 (base 4) in base 16?
8ee
63 (base 15) to base 4
1131
Convert -22022 (base 4) to base 3.
-220002
-10ce (base 15) to base 4
-313301
Convert 102022 (base 3) to base 14.
17b
-480 (base 12) to base 11
-561
Convert 4701 (base 10) to base 11.
3594
-24d3 (base 14) to base 16
-1939
-aa2 (base 13) to base 7
-5212
Convert -23030 (base 5) to base 16.
-668
Convert 427 (base 10) to base 14.
227
10000010110110111 (base 2) to base 9
111813
What is 246 (base 16) in base 6?
2410
Convert 79b3 (base 16) to base 11.
21453
-111222 (base 3) to base 2
-101111001
What is 2001 (base 9) in base 15?
674
497 (base 15) to base 3
1102121
What is -2956 (base 11) in base 8?
-7344
1604 (base 9) to base 3
1200011
Convert 33455 (base 8) to base 10.
14125
22504 (base 6) to base 12
1a34
Convert -12320323 (base 4) to base 11.
-1a224
-6b7 (base 12) to base 5
-13003
2012 (base 6) to base 13
27b
35011 (base 6) to base 11
3813
Convert bdd (base 15) to base 13.
12b5
-213113 (base 5) to base 2
-1110001110011
What is 32 (base 5) in base 8?
21
Convert -14 (base 5) to base 4.
-21
What is 340 (base 5) in base 3?
10112
What is 22201 (base 5) in base 13?
924
Convert 8299 (base 11) to base 13.
5010
What is 21231 (base 4) in base 3?
212000
-ab9 (base 15) to base 7
-10032
What is -3509 (base 10) in base 3?
-11210222
Convert -1e9 (base 15) to base 2.
-110111100
Convert a77 (base 12) to base 6.
11031
Convert -62524 (base 7) to base 9.
-23051
Convert 24322 (base 6) to base 7.
13301
What is -4053 (base 9) in base 14?
-111a
What is -2346 (base 7) in base 6?
-4003
Convert -6a4 (base 15) to base 10.
-1504
-2315 (base 7) to base 6
-3525
What is 4570 (base 13) in base 16?
25fc
What is 25576 (base 11) in base 15?
acba
Convert -100011101 (base 2) to base 9.
-346
Convert 3314 (base 5) to base 6.
2043
-330 (base 11) to base 2
-110001100
What is 4327 (base 9) in base 2?
110001110000
Convert -b37 (base 12) to base 4.
-121123
-11011010101 (base 2) to base 15
-7b9
-1204130 (base 5) to base 4
-11132033
Convert 1131310 (base 4) to base 10.
6004
421 (base 5) to base 10
111
Convert 32236 (base 10) to base 13.
11899
-10110102100 (base 3) to base 6
-1243143
117 (base 16) to base 15
139
-567 (base 8) to base 15
-1a0
-10320 (base 5) to base 7
-2033
What is 1c2 (base 14) in base 3?
111120
What is -5a59 (base 11) in base 14?
-2c65
What is -661 (base 8) in base 11?
-364
2601 (base 9) to base 7
5446
What is -12012210 (base 3) in base 11?
-2946
-11200001 (base 3) to base 12
-1b77
Convert 1267 (base 10) to base 2.
10011110011
What is 3402 (base 6) in base 14?
40a
Convert 371e (base 15) to base 13.
5453
What is 1101111 (base 2) in base 13?
87
What is 426 (base 12) in base 9?
743
What is -28 (base 9) in base 8?
-32
What is -201 (base 4) i